at are the prime factors of 833157?
3, 13, 7121
What are the prime factors of 39045?
3, 5, 19, 137
List the prime factors of 418594.
2, 11, 53, 359
What are the prime factors of 104864?
2, 29, 113
What are the prime factors of 10115677?
11, 13, 127, 557
List the prime factors of 894369.
3, 7, 42589
What are the prime factors of 24198162?
2, 3, 23, 175349
What are the prime factors of 217215?
3, 5, 1609
What are the prime factors of 13334936?
2, 17, 71, 1381
What are the prime factors of 741391?
7, 105913
List the prime factors of 27311345.
5, 5462269
List the prime factors of 104600.
2, 5, 523
List the prime factors of 5292383.
283, 18701
List the prime factors of 1777529.
13, 136733
What are the prime factors of 192562?
2, 96281
What are the prime factors of 143933?
31, 4643
What are the prime factors of 382336?
2, 29, 103
What are the prime factors of 1190685?
3, 5, 79379
List the prime factors of 4256559.
3, 109, 4339
What are the prime factors of 16251444?
2, 3, 11, 41039
What are the prime factors of 2638192?
2, 23, 67, 107
List the prime factors of 3669239.
7, 293, 1789
List the prime factors of 1545344.
2, 12073
What are the prime factors of 1540421?
17, 31, 37, 79
What are the prime factors of 14840790?
2, 3, 5, 494693
What are the prime factors of 4383811?
83, 52817
What are the prime factors of 2365138?
2, 223, 5303
List the prime factors of 140452.
2, 13, 37, 73
List the prime factors of 4107425.
5, 7, 479
What are the prime factors of 26397131?
59, 447409
List the prime factors of 992272.
2, 62017
List the prime factors of 8055035.
5, 919, 1753
What are the prime factors of 1736263?
157, 11059
List the prime factors of 732220.
2, 5, 31, 1181
What are the prime factors of 276931?
467, 593
What are the prime factors of 9889402?
2, 23, 214987
What are the prime factors of 13370475?
3, 5, 23, 337
List the prime factors of 1185604.
2, 7, 23, 263
What are the prime factors of 1313359?
1313359
What are the prime factors of 11571274?
2, 11, 13, 40459
List the prime factors of 17958876.
2, 3, 13, 19, 73, 83
What are the prime factors of 204982?
2, 113, 907
List the prime factors of 3706932.
2, 3, 541, 571
What are the prime factors of 166811?
31, 5381
What are the prime factors of 9989508?
2, 3, 223, 3733
List the prime factors of 11376453.
3, 11, 103, 3347
List the prime factors of 38303768.
2, 4787971
What are the prime factors of 24438997?
11, 19, 116933
List the prime factors of 6664405.
5, 11, 121171
What are the prime factors of 8808192?
2, 3, 3823
What are the prime factors of 290692?
2, 72673
List the prime factors of 1599971.
19, 107, 787
List the prime factors of 3859295.
5, 11, 6379
List the prime factors of 121194.
2, 3, 6733
What are the prime factors of 3591102?
2, 3, 31, 43, 449
List the prime factors of 1119824.
2, 17, 23, 179
What are the prime factors of 14067807?
3, 13, 37, 9749
List the prime factors of 13457687.
67, 200861
What are the prime factors of 2137340?
2, 5, 106867
What are the prime factors of 34078?
2, 11, 1549
List the prime factors of 3343556.
2, 23, 36343
List the prime factors of 155199.
3, 11, 4703
What are the prime factors of 891227?
23, 38749
List the prime factors of 278727.
3, 53, 1753
What are the prime factors of 563500?
2, 5, 7, 23
What are the prime factors of 3512914?
2, 17, 277, 373
List the prime factors of 2924501.
79, 37019
What are the prime factors of 14275345?
5, 7, 31, 59, 223
What are the prime factors of 115806?
2, 3, 19301
What are the prime factors of 31231999?
23, 53, 25621
What are the prime factors of 186149?
186149
What are the prime factors of 2025706?
2, 59, 17167
List the prime factors of 840689.
31, 47, 577
What are the prime factors of 335186?
2, 167593
What are the prime factors of 39267?
3, 4363
What are the prime factors of 454853?
7, 181, 359
List the prime factors of 3434402.
2, 19, 90379
What are the prime factors of 674492?
2, 7, 13, 17, 109
List the prime factors of 12349.
53, 233
List the prime factors of 7301439.
3, 53, 15307
List the prime factors of 9308100.
2, 3, 5, 19, 23, 71
List the prime factors of 12168317.
7, 103, 2411
List the prime factors of 316374.
2, 3, 67, 787
What are the prime factors of 244800?
2, 3, 5, 17
List the prime factors of 18379262.
2, 11, 835421
List the prime factors of 9201368.
2, 11, 104561
List the prime factors of 297034.
2, 148517
What are the prime factors of 6812735?
5, 19, 71713
What are the prime factors of 17063048?
2, 2132881
List the prime factors of 187185.
3, 5, 12479
What are the prime factors of 4092180?
2, 3, 5, 241, 283
What are the prime factors of 69490?
2, 5, 6949
List the prime factors of 840895.
5, 11, 15289
List the prime factors of 13302633.
3, 389, 11399
What are the prime factors of 239786?
2, 113, 1061
What are the prime factors of 2857721?
2857721
What are the prime factors of 58522?
2, 29, 1009
What are the prime factors of 1150559?
59, 19501
What are the prime factors of 32014?
2, 16007
What are the prime factors of 763900?
2, 5, 7639
List the prime factors of 251464.
2, 17, 43
List the prime factors of 438162.
2, 3, 103, 709
What are the prime factors of 3754819?
23, 59, 2767
What are the prime factors of 276690?
2, 3, 5, 23, 401
List the prime factors of 3382912.
2, 13, 19, 107
List the prime factors of 323645.
5, 7, 1321
What are the prime factors of 988787?
107, 9241
List the prime factors of 20365594.
2, 277, 36761
What are the prime factors of 253695?
3, 5, 13, 1301
What are the prime factors of 13863248?
2, 7, 41, 3019
List the prime factors of 8638308.
2, 3, 7, 59, 83
List the prime factors of 1617674.
2, 808837
What are the prime factors of 397374?
2, 3, 103, 643
What are the prime factors of 213432?
2, 3, 8893
What are the prime factors of 2664968?
2, 43, 61, 127
List the prime factors of 169654.
2, 84827
What are the prime factors of 101578?
2, 50789
List the prime factors of 15300656.
2, 7, 67, 2039
What are the prime factors of 693809?
693809
List the prime factors of 7928129.
11, 41, 17579
What are the prime factors of 415208?
2, 17, 43, 71
List the prime factors of 148712.
2, 29, 641
List the prime factors of 5722005.
3, 5, 381467
List the prime factors of 188227.
13, 14479
What are the prime factors of 2585042?
2, 37, 181, 193
What are the prime factors of 2244615?
3, 5, 151, 991
List the prime factors of 68108.
2, 17027
What are the prime factors of 1389649?
47, 29567
What are the prime factors of 2958580?
2, 5, 29, 5101
List the prime factors of 4224854.
2, 103, 20509
List the prime factors of 4297103.
463, 9281
What are the prime factors of 5471493?
3, 23, 179, 443
List the prime factors of 1487665.
5, 297533
List the prime factors of 11336362.
2, 61, 92921
List the prime factors of 4460415.
3, 5, 103, 2887
What are the prime factors of 281500?
2, 5, 563
List the prime factors of 93071.
11, 8461
List the prime factors of 118738.
2, 59369
What are the prime factors of 18874?
2, 9437
List the prime factors of 22694.
2, 7, 1621
List the prime factors of 2726151.
3, 61, 14897
What are the prime factors of 41134?
2, 131, 157
What are the prime factors of 103703?
103703
List the prime factors of 676654.
2, 11, 30757
What are the prime factors of 20824125?
3, 5, 7, 7933
List the prime factors of 2405687.
17, 141511
List the prime factors of 1851885.
3, 5, 7, 5879
What are the prime factors of 24690286?
2, 12345143
List the prime factors of 3574862.
2, 17, 105143
What are the prime factors of 291108?
2, 3, 17, 1427
List the prime factors of 664991.
53, 12547
What are the prime factors of 21408917?
59, 362863
List the prime factors of 15511.
15511
List the prime factors of 8833350.
2, 3, 5, 58889
What are the prime factors of 1608133?
1608133
What are the prime factors of 19662?
2, 3, 29, 113
List the prime factors of 44228.
2, 11057
What are the prime factors of 7833811?
1543, 5077
List the prime factors of 1651631.
173, 9547
What are the prime factors of 605870?
2, 5, 43, 1409
What are the prime factors of 1262580?
2, 3, 5, 11, 1913
List the prime factors of 12878842.
2, 29, 233, 953
List the prime factors of 16926776.
2, 2115847
What are the prime factors of 532195?
5, 163, 653
List the prime factors of 8631953.
11, 784723
List the prime factors of 168089.
168089
List the prime factors o